
4
Let g be 78*(12/16)/((-27)/(-18)). Calculate the greatest common divisor of 18 and g.
3
Suppose -3*x = -4*u + 2632, -4*x + 8*x = 0. Let k = u - 584. Calculate the highest common divisor of 185 and k.
37
Suppose -12*c - 6081 = -27*c + 17619. What is the greatest common factor of c and 180?
20
Let d be 253 - (5 - 77/7). Let l = 270 - d. What is the highest common divisor of 517 and l?
11
Suppose 95 = 2*w - 3*s, -100 = -3*w - 12*s + 8*s. Calculate the highest common divisor of 130 and w.
10
Suppose 0 = -3*s - f + 216, 0 = 4*s - 11*f + 16*f - 288. Calculate the highest common factor of 15 and s.
3
Suppose y + 780 = 5*y. Suppose -22700 + 4019 = -479*m. What is the highest common factor of m and y?
39
Let r be 184844/77 + 4/((-84)/(-9)). What is the greatest common factor of r and 7?
7
Let u be 0/1 + 0 - -20. Suppose 62*l = 74*l + 816. Let r be (18348/17)/6 - 8/l. What is the greatest common divisor of r and u?
20
Let x be 6 - ((-10)/2 + 75). Let n = 28 - 16. Let c be x/n*60/(-16). Calculate the greatest common divisor of c and 8.
4
Suppose 89*g = -27*g + 50692. Calculate the greatest common factor of g and 38.
19
Suppose -2*y + 6*r + 291 = 3*r, -r = 4*y - 547. Suppose 5*n - y + 68 = 0. What is the highest common factor of 4 and n?
2
Let a be 0 - (-10 + 3 + 2). Suppose 0 = -5*s + 5, 2*n - 8 + 107 = -a*s. Let v be 3/5 - 1 - n/5. Calculate the highest common divisor of 190 and v.
10
Let m be 3/(-6) + 66/12. Suppose 3 + 15 = 6*k. Suppose -m*t = -k*t - 90. What is the greatest common factor of 9 and t?
9
Suppose 134*r - 4585 = 1847. Let w = 69 + 15. What is the highest common factor of r and w?
12
Suppose -3*l = -5*o - 71, -6*l - o = -11*l + 111. What is the greatest common factor of l and 1859?
11
Let u = -87 + 83. Let r(l) = 2*l**3 + 4*l**2 + l + 9. Let f be r(u). Let d = 77 + f. What is the highest common divisor of 126 and d?
18
Suppose -20 - 21 - 111 = -38*b. Calculate the greatest common divisor of b and 52.
4
Let q be 1*(6/2 + 4). Suppose -3*a = 3*o + 1 + 26, 4*o = 0. Let c be ((-6)/a)/(q/42). What is the highest common divisor of 12 and c?
4
Let q be (-1050)/(-45)*(-2430)/(-63). Calculate the greatest common divisor of 4 and q.
4
Let i be (1 - -11)*(-6)/(-8). Let g = -4540 - -4693. Calculate the greatest common divisor of i and g.
9
Let i = 1218 + -1216. What is the highest common factor of i and 134?
2
Let i(l) = -l + 4. Let p be i(3). Let r(t) be the first derivative of -t**3/3 - 2*t**2 + t - 69. Let f be r(-4). What is the highest common factor of p and f?
1
Suppose 77317 - 2247 - 4622 = 34*l. Calculate the greatest common divisor of 16 and l.
8
Let a be ((-2)/(-2))/1 + 38. Suppose -2*o - o = x + 184, -3*o + 4*x - 209 = 0. Let f = -37 - o. What is the highest common factor of a and f?
13
Suppose 115*z - 21577 - 18594 = -24*z. What is the highest common divisor of z and 119?
17
Let j(w) = -2*w**3 - 8*w**2 + w - 1. Let t be j(-8). Suppose -5*r + t = 193. Suppose 5*p - 261 - 204 = 0. What is the highest common factor of p and r?
31
Let z be (1596/30)/((-2)/(-10)). Let i = -5 + 10. Let n be (-38)/i*(1 - 6). Calculate the greatest common divisor of n and z.
38
Suppose 2*u = -5*m + 324, 4*m - 273 = -0*m + 3*u. Let q be (274/(-6))/((66/(-18))/11). Let x = q - 49. What is the highest common divisor of m and x?
22
Let n be -2 + (-15)/(-5) + 4. Suppose -n*g + 0 = -20. Suppose 0 = g*a - 8*a + 20. Calculate the highest common factor of a and 2.
1
Let f = -81 + 74. Let l be (-840)/f - (0 + (3 - 3)). Calculate the highest common divisor of 75 and l.
15
Let h(u) = -u**3 + 4*u - 1. Let q be h(-3). Let s(z) = z**2 - 3437*z + 7. Let j be s(0). Calculate the greatest common factor of j and q.
7
Let w(i) = -2*i - 36. Suppose 5*u - y + 5*y = -69, -u - 29 = -3*y. Let h be w(u). Let o be 1*h/6*-6. What is the highest common divisor of 10 and o?
2
Suppose -29*n + 52*n - 5760 = -25*n. Calculate the greatest common divisor of n and 128.
8
Let b be (-1 + 13)*(198/24 + -8). Suppose 2*w = 5*n + w - 133, -5*n + 3*w = -129. Suppose -b*d + 3 = -n. Calculate the greatest common factor of d and 70.
10
Let c = 3 - 4. Let d be (-18 - (-15 + -2))/((-1)/27). Let i be d/c*176/(-66). Calculate the highest common factor of i and 8.
8
Let j = -13 + 17. Let n be ((-5)/3)/(j/(-222))*2. Let m be (-4)/(-10) - (-736)/10. What is the highest common factor of m and n?
37
Let y = 3929 + -3723. Calculate the greatest common divisor of 23278 and y.
206
Suppose 2*q + 4*u - 1367 + 183 = 0, -u + 3014 = 5*q. What is the greatest common factor of 2567 and q?
151
Suppose -1183 + 135 = -4*u - 4*q, 4*q = u - 252. What is the greatest common factor of 500 and u?
20
Let t(y) be the third derivative of -y**6/120 - y**5/3 - 11*y**4/24 + 9*y**3/2 - y**2 - 37. Let a be t(-20). What is the greatest common factor of a and 19?
19
Suppose 57*w = -17*w + 592. Let k(a) = -6*a - 2. Let d be k(-11). Calculate the greatest common divisor of w and d.
8
Let o(k) = -12*k**3 + 4*k**2 + k - 2. Suppose -9 = 11*l + 13. Let t be o(l). Calculate the greatest common divisor of 36 and t.
36
Suppose -8*z = 8*z - 432. Let o be (18 - 1008/70)*(-45)/(-2). What is the highest common factor of o and z?
27
Suppose 0 = -3*w + w + 18. Suppose -109 = -15*d - 4. Suppose z = 4*h - 328, 0 = -d*z + 4*z - 12. Calculate the highest common factor of w and h.
9
Let w(f) be the second derivative of f**4 - 107*f**3/6 + 6*f**2 - 151*f. Let t be w(9). What is the highest common factor of t and 42?
21
Let z(u) = u**2 + 15*u + 33. Let m be z(-13). Let n(k) = -2*k + 10. Let f be n(m). Let b be 17 - ((3 - 0) + f). Calculate the highest common factor of 18 and b.
18
Suppose -183*y + 179*y - 13138286 = -491*y. Calculate the greatest common divisor of 28 and y.
14
Let l(h) = -2*h**3 - h**2 + 3. Let o be l(-3). Let y = 194 - 190. Suppose -y*x + b + 72 = -74, x - 44 = 4*b. What is the greatest common divisor of x and o?
12
Let j(y) = 88*y - 40. Let a be j(3). Let d be a/22 + (-12)/(-198)*-3. Calculate the greatest common divisor of d and 2.
2
Let y = -108 + 108. Let d = -369 + 538. Suppose -3*b + 47 + d = y. Calculate the greatest common divisor of b and 9.
9
Let k(u) = u**3 + 21*u**2 + 4*u - 113. Let d be k(-20). Calculate the greatest common divisor of d and 243.
9
Let y = 10 + -12. Let s be (5/4*-3)/(y/8). Suppose 360 = 4*w + 4*w. Calculate the greatest common divisor of w and s.
15
Suppose i - 890 = -4*i. Let q = i + -67. Let a be (78 - (7 - 5)) + -2. What is the highest common factor of q and a?
37
Let k = 9 - -24. Let n = 131999 + -131834. Calculate the greatest common divisor of k and n.
33
Suppose -5*k = -4*w + 34, -13 + 3 = 2*k + 2*w. Let h(p) = -86*p + 4. Let q be h(k). Suppose t + 3*t = q. Calculate the greatest common factor of t and 52.
26
Let v(q) = -21*q**2 - 445*q + 18. Let j be v(-21). Calculate the greatest common factor of 2669 and j.
17
Suppose 0*o = 5*o - 235. Suppose -5*y + o + 528 = 0. Suppose 31 + 6 = 3*l - 5*r, 5*l + 5*r = y. Calculate the greatest common factor of l and 152.
19
Let a be -1*37*1*-3. Let f(p) = 5*p**3 + 52*p**2 + 13*p + 9. Let m be f(-10). Let k = a - m. What is the highest common divisor of 32 and k?
32
Let j be (-2)/6*(-888)/8*14. Calculate the highest common factor of 182 and j.
14
Suppose -3*c + 74 = 4*p, 4*c + 20 = -4*p + 116. What is the greatest common divisor of 54 and c?
2
Suppose 126*b = 268*b - 2840. What is the greatest common factor of b and 512?
4
Let p = 4767 + -4478. What is the highest common factor of 17 and p?
17
Let m = 11737 - 9919. Calculate the highest common divisor of m and 18.
18
Suppose -d + b = -11, 5*d - 40 = d + 3*b. Suppose -907*y + 46158 = -316688 - 164121. What is the greatest common divisor of d and y?
7
Let m be (-2)/(-6) - (-41)/3. Suppose 3 = 41*j - 40*j + s, 4*s = -j. Let l(b) = b**2 + 7*b - 40. Let i be l(j). What is the greatest common divisor of m and i?
2
Suppose 5*m + 20 = 10. Let l(q) = 41*q**2 - 9*q - 18. Let v be l(m). Calculate the highest common factor of v and 246.
82
Let r be -2452*1/(-2) - 8/(-11 + 15). Let u = -73 - -90. What is the greatest common factor of u and r?
17
Let b(p) = -p**3 - 7*p**2 + 10*p + 21. Suppose -2*r + 19 = -s - 4*r, 5*s - 2*r + 35 = 0. Let w be b(s). Calculate the highest common factor of 3 and w.
3
Suppose 0 = -8*j - 273 + 49. Suppose 